{"id":373,"date":"2024-01-19T21:09:27","date_gmt":"2024-01-19T21:09:27","guid":{"rendered":"https:\/\/www.gondosvaros.hu\/?page_id=373"},"modified":"2025-03-11T16:41:19","modified_gmt":"2025-03-11T16:41:19","slug":"a-programrol","status":"publish","type":"page","link":"https:\/\/www.gondosvaros.hu\/?page_id=373","title":{"rendered":"A programr\u00f3l"},"content":{"rendered":"<p>[et_pb_section fb_built=&#8221;1&#8243; admin_label=&#8221;Our Mission&#8221; _builder_version=&#8221;4.16&#8243; custom_padding=&#8221;0px|0px|4px|0px||&#8221; global_colors_info=&#8221;{}&#8221;][et_pb_row column_structure=&#8221;1_2,1_2&#8243; _builder_version=&#8221;4.24.0&#8243; custom_margin=&#8221;65px|auto||auto|false|false&#8221; custom_padding=&#8221;0px|||||&#8221; global_colors_info=&#8221;{}&#8221;][et_pb_column type=&#8221;1_2&#8243; _builder_version=&#8221;4.16&#8243; custom_padding=&#8221;|||&#8221; global_colors_info=&#8221;{}&#8221; custom_padding__hover=&#8221;|||&#8221;][et_pb_text _builder_version=&#8221;4.24.0&#8243; text_font=&#8221;Poppins||||||||&#8221; text_font_size=&#8221;16px&#8221; text_line_height=&#8221;1.6em&#8221; header_font=&#8221;||||||||&#8221; header_2_font=&#8221;Poppins||||||||&#8221; header_2_text_color=&#8221;#01304d&#8221; header_2_font_size=&#8221;28px&#8221; header_2_line_height=&#8221;1.4em&#8221; header_3_font=&#8221;||||||||&#8221; background_color=&#8221;rgba(247,247,247,0.89)&#8221; module_alignment=&#8221;center&#8221; custom_padding=&#8221;30px|30px|30px|30px|false|false&#8221; locked=&#8221;off&#8221; global_colors_info=&#8221;{}&#8221;]<\/p>\n<h2><strong>A Gondos V\u00e1ros programr\u00f3l<\/strong><\/h2>\n<p style=\"text-align: justify;\">A Gondos V\u00e1ros Biharkeresztes egy \u00faj szolg\u00e1ltat\u00e1s v\u00e1rosunkban a lakosok sz\u00e1m\u00e1ra. C\u00e9lja a prevenci\u00f3, vagyis a megel\u0151z\u00e9s; a lakoss\u00e1g \u00e1ltal\u00e1nos, testi \u00e9s ment\u00e1lis eg\u00e9szs\u00e9gi \u00e1llapot\u00e1nak jav\u00edt\u00e1sa, az eg\u00e9szs\u00e9gtudatoss\u00e1g er\u0151s\u00edt\u00e9se, korai \u00e9s elker\u00fclhet\u0151 megbeteged\u00e9st befoly\u00e1sol\u00f3 \u00e9letm\u00f3dbeli szok\u00e1sok jav\u00edt\u00e1sa a lakoss\u00e1g k\u00f6r\u00e9ben. A program a helyi eg\u00e9szs\u00e9g\u00fcgyi szerepl\u0151k bevon\u00e1s\u00e1val val\u00f3sul meg.<\/p>\n<p style=\"text-align: justify;\">A program f\u0151v\u00e9dn\u00f6ke Dr. Papp Csaba S\u00e1ndor, a Debreceni Egyetem Klinikai K\u00f6zpont \u00e9s a Debreceni Alapell\u00e1t\u00e1si \u00e9s Eg\u00e9szs\u00e9gfejleszt\u00e9si Int\u00e9zet igazgat\u00f3ja.<\/p>\n<p>&nbsp;<\/p>\n<h2><strong>Ki veheti ig\u00e9nybe a Gondos V\u00e1ros szolg\u00e1ltat\u00e1sait?<\/strong><\/h2>\n<p style=\"text-align: justify;\"><span>A biharkeresztesi bejelentett lakc\u00edmmel vagy tart\u00f3zkod\u00e1si hellyel rendelkez\u0151 szem\u00e9lyek vehetik ig\u00e9nybe. A programok\u00a0<strong>INGYENESEN l\u00e1togathat\u00f3k<\/strong>. Az ig\u00e9nybev\u00e9telhez beutal\u00f3 nem sz\u00fcks\u00e9ges.<\/span><\/p>\n<p><span>\u00a0<\/span><\/p>\n<h2><strong>Milyen helysz\u00edneken val\u00f3sulnak meg a programok?<\/strong><\/h2>\n<p style=\"text-align: justify;\">A programok az \u00d6nkorm\u00e1nyzat \u00e1ltal biztos\u00edtott helysz\u00edneken val\u00f3sulnak meg, a programok jelleg\u00e9t\u0151l f\u00fcgg\u0151en. A pontos programterv\u00e9rt, helysz\u00ednek\u00e9rt \u00e9s id\u0151pontok\u00e9rt l\u00e1togasson el az <span style=\"color: #666666;\">Aktu\u00e1lis <\/span>men\u00fcpontra.<\/p>\n<p><span>\u00a0<\/span><\/p>\n<h2><strong>T\u00f6r\u0151d\u00e9s, figyelem<\/strong><\/h2>\n<p style=\"text-align: justify;\">N\u00e9ha csak erre van sz\u00fcks\u00e9g ahhoz, hogy azt \u00e9rezz\u00fck, mi is sz\u00e1m\u00edtunk, fontos tagjai vagyunk mikrok\u00f6z\u00f6ss\u00e9g\u00fcnknek. A Gondos V\u00e1ros Biharkeresztes programunkkal figyelemmel, odafordul\u00e1ssal igyeksz\u00fcnk k\u00f6z\u00f6ss\u00e9g\u00fcnk minden tagj\u00e1t megsz\u00f3l\u00edtani a kisgyermekes anyuk\u00e1t\u00f3l kezdve a kamaszokon \u00e1t a feln\u0151ttekig, id\u0151s emberekig. Tematikus el\u0151ad\u00e1sok, kiadv\u00e1nyok, klubfoglalkoz\u00e1sok, k\u00f6z\u00f6s \u00f6tletb\u00f6rz\u00e9k, szakmai tan\u00e1csad\u00e1s is r\u00e9sze a programnak, melyek seg\u00edts\u00e9g\u00e9vel h\u00f3napr\u00f3l-h\u00f3napra megsz\u00f3l\u00edthatjuk a biharkeresztesieket.<\/p>\n<p>[\/et_pb_text][\/et_pb_column][et_pb_column type=&#8221;1_2&#8243; _builder_version=&#8221;4.16&#8243; custom_padding=&#8221;|||&#8221; global_colors_info=&#8221;{}&#8221; custom_padding__hover=&#8221;|||&#8221;][et_pb_image src=&#8221;https:\/\/www.gondosvaros.hu\/wp-content\/uploads\/2025\/03\/1.png&#8221; title_text=&#8221;1&#8243; disabled_on=&#8221;on|on|off&#8221; _builder_version=&#8221;4.27.4&#8243; _module_preset=&#8221;default&#8221; transform_translate=&#8221;0px|-66px&#8221; transform_translate_linked=&#8221;off&#8221; width=&#8221;75%&#8221; global_colors_info=&#8221;{}&#8221;][\/et_pb_image][et_pb_image src=&#8221;https:\/\/www.gondosvaros.hu\/wp-content\/uploads\/2024\/01\/1-1.png&#8221; title_text=&#8221;1&#8243; disabled_on=&#8221;off|off|on&#8221; _builder_version=&#8221;4.27.4&#8243; _module_preset=&#8221;default&#8221; transform_translate=&#8221;0px|-28px&#8221; transform_translate_linked=&#8221;off&#8221; global_colors_info=&#8221;{}&#8221;][\/et_pb_image][et_pb_image src=&#8221;https:\/\/www.gondosvaros.hu\/wp-content\/uploads\/2025\/03\/2.png&#8221; title_text=&#8221;2&#8243; _builder_version=&#8221;4.27.4&#8243; _module_preset=&#8221;default&#8221; transform_translate=&#8221;-59px|-155px&#8221; transform_translate_linked=&#8221;off&#8221; width=&#8221;58%&#8221; global_colors_info=&#8221;{}&#8221;][\/et_pb_image][et_pb_image src=&#8221;https:\/\/www.gondosvaros.hu\/wp-content\/uploads\/2025\/03\/3.png&#8221; title_text=&#8221;3&#8243; _builder_version=&#8221;4.27.4&#8243; _module_preset=&#8221;default&#8221; transform_translate=&#8221;0px|-168px&#8221; transform_translate_linked=&#8221;off&#8221; width=&#8221;96%&#8221; global_colors_info=&#8221;{}&#8221;][\/et_pb_image][\/et_pb_column][\/et_pb_row][\/et_pb_section][et_pb_section fb_built=&#8221;1&#8243; custom_padding_last_edited=&#8221;off|desktop&#8221; disabled_on=&#8221;on|on|off&#8221; admin_label=&#8221;Hero&#8221; _builder_version=&#8221;4.27.4&#8243; background_color=&#8221;#01304d&#8221; min_height=&#8221;260px&#8221; height=&#8221;260px&#8221; custom_margin=&#8221;0px||0px||false|false&#8221; custom_padding=&#8221;45px|0px|0px|0px|false|false&#8221; global_colors_info=&#8221;{}&#8221; theme_builder_area=&#8221;post_content&#8221;][et_pb_row column_structure=&#8221;1_3,1_3,1_3&#8243; _builder_version=&#8221;4.27.4&#8243; custom_padding=&#8221;|2px|16px|0px||&#8221; global_colors_info=&#8221;{}&#8221; theme_builder_area=&#8221;post_content&#8221;][et_pb_column type=&#8221;1_3&#8243; _builder_version=&#8221;4.16&#8243; custom_padding=&#8221;|||&#8221; global_colors_info=&#8221;{}&#8221; custom_padding__hover=&#8221;|||&#8221; theme_builder_area=&#8221;post_content&#8221;][et_pb_text _builder_version=&#8221;4.27.4&#8243; text_font=&#8221;|600|||||||&#8221; text_font_size=&#8221;11px&#8221; text_line_height=&#8221;1.8em&#8221; header_font=&#8221;||||||||&#8221; header_2_font=&#8221;Poppins||||||||&#8221; header_2_font_size=&#8221;35px&#8221; header_2_letter_spacing=&#8221;22px&#8221; header_2_line_height=&#8221;1.6em&#8221; text_orientation=&#8221;center&#8221; background_layout=&#8221;dark&#8221; max_width=&#8221;700px&#8221; module_alignment=&#8221;center&#8221; min_height=&#8221;145px&#8221; custom_margin=&#8221;||-1px||false|false&#8221; global_colors_info=&#8221;{}&#8221; theme_builder_area=&#8221;post_content&#8221;]<\/p>\n<h2><\/h2>\n<h2><span style=\"font-size: 16px; font-weight: 600; letter-spacing: 3px;\">info@gondosvaros.hu<\/span><\/h2>\n<p><a href=\"https:\/\/www.gondosvaros.hu\/?page_id=598\">Adatkezel\u00e9si T\u00e1j\u00e9koztat\u00f3<\/a> I <a href=\"https:\/\/www.gondosvaros.hu\/?page_id=602\">Impresszum<\/a><\/p>\n<p>[\/et_pb_text][\/et_pb_column][et_pb_column type=&#8221;1_3&#8243; _builder_version=&#8221;4.16&#8243; custom_padding=&#8221;|||&#8221; global_colors_info=&#8221;{}&#8221; custom_padding__hover=&#8221;|||&#8221; theme_builder_area=&#8221;post_content&#8221;][et_pb_image src=&#8221;https:\/\/www.gondosvaros.hu\/wp-content\/uploads\/2025\/03\/8cb97596-53f0-4cfc-99d5-14309f923f86.png&#8221; title_text=&#8221;8cb97596-53f0-4cfc-99d5-14309f923f86&#8243; align=&#8221;center&#8221; _builder_version=&#8221;4.27.4&#8243; _module_preset=&#8221;default&#8221; width=&#8221;36%&#8221; global_colors_info=&#8221;{}&#8221; theme_builder_area=&#8221;post_content&#8221;][\/et_pb_image][\/et_pb_column][et_pb_column type=&#8221;1_3&#8243; _builder_version=&#8221;4.16&#8243; custom_padding=&#8221;|||&#8221; global_colors_info=&#8221;{}&#8221; custom_padding__hover=&#8221;|||&#8221; theme_builder_area=&#8221;post_content&#8221;][et_pb_image src=&#8221;https:\/\/www.gondosvaros.hu\/wp-content\/uploads\/2025\/03\/gondos-varos-biharkeresztes-2-1.png&#8221; title_text=&#8221;gondos-varos-biharkeresztes-2&#8243; _builder_version=&#8221;4.27.4&#8243; _module_preset=&#8221;default&#8221; custom_margin=&#8221;15px||||false|false&#8221; global_colors_info=&#8221;{}&#8221; theme_builder_area=&#8221;post_content&#8221;][\/et_pb_image][\/et_pb_column][\/et_pb_row][\/et_pb_section][et_pb_section fb_built=&#8221;1&#8243; custom_padding_last_edited=&#8221;off|desktop&#8221; disabled_on=&#8221;off|off|on&#8221; admin_label=&#8221;Hero&#8221; _builder_version=&#8221;4.24.0&#8243; background_color=&#8221;#01304d&#8221; min_height=&#8221;260px&#8221; height=&#8221;260px&#8221; custom_margin=&#8221;0px||0px||false|false&#8221; custom_padding=&#8221;45px|0px|0px|0px|false|false&#8221; global_colors_info=&#8221;{}&#8221;][et_pb_row column_structure=&#8221;1_3,1_3,1_3&#8243; _builder_version=&#8221;4.16&#8243; custom_padding=&#8221;|2px|16px|0px||&#8221; global_colors_info=&#8221;{}&#8221;][et_pb_column type=&#8221;1_3&#8243; _builder_version=&#8221;4.16&#8243; custom_padding=&#8221;|||&#8221; global_colors_info=&#8221;{}&#8221; custom_padding__hover=&#8221;|||&#8221;][\/et_pb_column][et_pb_column type=&#8221;1_3&#8243; _builder_version=&#8221;4.16&#8243; custom_padding=&#8221;|||&#8221; global_colors_info=&#8221;{}&#8221; custom_padding__hover=&#8221;|||&#8221;][et_pb_text _builder_version=&#8221;4.24.0&#8243; text_font=&#8221;Poppins|600|||||||&#8221; text_font_size=&#8221;16px&#8221; text_letter_spacing=&#8221;3px&#8221; text_line_height=&#8221;1.8em&#8221; header_font=&#8221;||||||||&#8221; header_2_font=&#8221;Poppins||||||||&#8221; header_2_font_size=&#8221;20px&#8221; header_2_letter_spacing=&#8221;22px&#8221; header_2_line_height=&#8221;1.6em&#8221; text_orientation=&#8221;center&#8221; background_layout=&#8221;dark&#8221; max_width=&#8221;700px&#8221; module_alignment=&#8221;center&#8221; min_height=&#8221;145px&#8221; custom_margin=&#8221;||-1px||false|false&#8221; global_colors_info=&#8221;{}&#8221;]<\/p>\n<h2><span style=\"font-size: 16px; font-weight: 600; letter-spacing: 3px;\">info@gondosvaros.hu<\/span><\/h2>\n<p>[\/et_pb_text][et_pb_image src=&#8221;https:\/\/www.gondosvaros.hu\/wp-content\/uploads\/2024\/01\/Nevtelen-terv-3-1.png&#8221; title_text=&#8221;N\u00e9vtelen terv (3)&#8221; _builder_version=&#8221;4.24.0&#8243; _module_preset=&#8221;default&#8221; width=&#8221;48%&#8221; max_width=&#8221;29%&#8221; module_alignment=&#8221;center&#8221; custom_margin=&#8221;-84px||||false|false&#8221; global_colors_info=&#8221;{}&#8221;][\/et_pb_image][\/et_pb_column][et_pb_column type=&#8221;1_3&#8243; _builder_version=&#8221;4.16&#8243; custom_padding=&#8221;|||&#8221; global_colors_info=&#8221;{}&#8221; custom_padding__hover=&#8221;|||&#8221;][\/et_pb_column][\/et_pb_row][\/et_pb_section]<\/p>\n","protected":false},"excerpt":{"rendered":"<p>A Gondos V\u00e1ros programr\u00f3l A Gondos V\u00e1ros Biharkeresztes egy \u00faj szolg\u00e1ltat\u00e1s v\u00e1rosunkban a lakosok sz\u00e1m\u00e1ra. C\u00e9lja a prevenci\u00f3, vagyis a megel\u0151z\u00e9s; a lakoss\u00e1g \u00e1ltal\u00e1nos, testi \u00e9s ment\u00e1lis eg\u00e9szs\u00e9gi \u00e1llapot\u00e1nak jav\u00edt\u00e1sa, az eg\u00e9szs\u00e9gtudatoss\u00e1g er\u0151s\u00edt\u00e9se, korai \u00e9s elker\u00fclhet\u0151 megbeteged\u00e9st befoly\u00e1sol\u00f3 \u00e9letm\u00f3dbeli szok\u00e1sok jav\u00edt\u00e1sa a lakoss\u00e1g k\u00f6r\u00e9ben. A program a helyi eg\u00e9szs\u00e9g\u00fcgyi szerepl\u0151k bevon\u00e1s\u00e1val val\u00f3sul meg. A program [&hellip;]<\/p>\n","protected":false},"author":1,"featured_media":0,"parent":0,"menu_order":0,"comment_status":"closed","ping_status":"closed","template":"","meta":{"_et_pb_use_builder":"on","_et_pb_old_content":"","_et_gb_content_width":"","footnotes":""},"class_list":["post-373","page","type-page","status-publish","hentry"],"_links":{"self":[{"href":"https:\/\/www.gondosvaros.hu\/index.php?rest_route=\/wp\/v2\/pages\/373","targetHints":{"allow":["GET"]}}],"collection":[{"href":"https:\/\/www.gondosvaros.hu\/index.php?rest_route=\/wp\/v2\/pages"}],"about":[{"href":"https:\/\/www.gondosvaros.hu\/index.php?rest_route=\/wp\/v2\/types\/page"}],"author":[{"embeddable":true,"href":"https:\/\/www.gondosvaros.hu\/index.php?rest_route=\/wp\/v2\/users\/1"}],"replies":[{"embeddable":true,"href":"https:\/\/www.gondosvaros.hu\/index.php?rest_route=%2Fwp%2Fv2%2Fcomments&post=373"}],"version-history":[{"count":20,"href":"https:\/\/www.gondosvaros.hu\/index.php?rest_route=\/wp\/v2\/pages\/373\/revisions"}],"predecessor-version":[{"id":637,"href":"https:\/\/www.gondosvaros.hu\/index.php?rest_route=\/wp\/v2\/pages\/373\/revisions\/637"}],"wp:attachment":[{"href":"https:\/\/www.gondosvaros.hu\/index.php?rest_route=%2Fwp%2Fv2%2Fmedia&parent=373"}],"curies":[{"name":"wp","href":"https:\/\/api.w.org\/{rel}","templated":true}]}}